?
True
Let r be 1124 + (-4 - (-2 - 1)). Suppose 2*v - 2246 = -3*i, -6*i = -v - 5*i + r. Is v a composite number?
False
Suppose -5*g - 27 = -12, 0 = -m - 5*g - 10. Suppose -4*s + 1218 = -m*y, s + 0*y - 301 = 3*y. Is s a prime number?
True
Let j(x) = x**2 - 4*x - 8. Let f be (-10)/4*(-36)/15. Let o be j(f). Suppose -795 = -5*l - a + 4*a, 4*l + o*a = 636. Is l composite?
True
Let k(g) = g**3 - 4*g**2 - 3*g - 5. Let z be k(5). Let r = -55 + 55. Suppose r = -5*w - 5*n + 974 - 29, -w = z*n - 205. Is w a prime number?
False
Let y = -38 + 8. Is -2 + (1 + -3)*y prime?
False
Is (-276008)/(-14) + 6/252*6 composite?
True
Suppose -14 = 2*b - g - g, -17 = 2*b + g. Is (-94)/b*2*(-11 - -13) composite?
False
Suppose 0 = -26*n + 27*n - 2302. Let m = 3933 - n. Is m a composite number?
True
Suppose 4*z - 911 = 5*s, 2*s - z + 362 = -0*s. Let u = 95 + s. Is (u/(-10))/(10/25) a composite number?
True
Suppose -5*s - 567 = v + 885, -5*v - 300 = s. Is 0 - (s - (10 + -5)) composite?
True
Suppose -102*q - 2789603 = -9033125. Is q a prime number?
True
Let q = -1778 - -2599. Is q composite?
False
Suppose 0 = -25*o + 6*o + 34979. Is o composite?
True
Let m be (-9)/(-45) + (-19226)/5. Let p = 5412 + m. Is p composite?
False
Let u = -310 + 1990. Let c = u - 1058. Is c a prime number?
False
Let q(y) = 211*y + 205. Is q(4) a prime number?
True
Let k(v) be the third derivative of -v**5/60 + 5*v**4/12 - 2*v**3 + 9*v**2. Is k(7) a composite number?
True
Let u(t) = 2004*t**2 - 17*t + 79. Is u(6) composite?
True
Let r(p) = 392*p**2 - 2*p. Let l be r(-2). Let y = 401 + l. Is y prime?
True
Let q = 387 + -226. Is q a prime number?
False
Let c be (4 + -1 - 2931) + -4. Let n = c + 7821. Is n prime?
True
Is 178590/(-120)*1*-4 composite?
False
Is ((-376)/12)/((-42)/8001) composite?
True
Let p = 1362 + -703. Is p prime?
True
Suppose 12 = 6*n - 96. Let z = n - 14. Suppose -z*y = -194 - 146. Is y a composite number?
True
Let v(z) = 17*z**2 + 29*z**2 + 0*z + 2*z + 23*z**2. Is v(-1) a composite number?
False
Suppose 5*y = -5*p + 980, -568 + 161 = -2*p - 5*y. Is p a prime number?
True
Let u(v) = 2*v + 1. Let a be u(1). Suppose 0*d = 4*d - 1232. Suppose j = -a*j + d. Is j composite?
True
Let b be 5 + 1 + -1 + 3. Let h(o) = o**2 - 8*o + 14. Let c be h(6). Is c/8 - (-5238)/b composite?
True
Let i(n) = 235*n + 3. Let c be i(-2). Suppose 0 = 6*y - 52*y - 9200. Let d = y - c. Is d a composite number?
True
Let p(l) = 1281*l**2 + 9*l - 7. Is p(3) prime?
True
Suppose -3*x = -2*z + 14813, -x - 9029 = -3*z + 13201. Is z a prime number?
True
Let q(o) be the first derivative of 88*o**2 - 9*o + 20. Is q(8) prime?
True
Let w = -8861 - -15470. Is w a prime number?
False
Suppose -3 - 5 = k. Let t be 1/2 - 20/k. Suppose t*o - 1677 = -564. Is o prime?
False
Let i(o) be the third derivative of o**7/840 - o**6/60 + o**5/30 - 11*o**4/24 + o**3/3 - 2*o**2. Let g(a) be the first derivative of i(a). Is g(8) composite?
False
Suppose 100 = -0*u - u - 5*x, 2*x - 300 = 3*u. Let y = u - -146. Is y a prime number?
False
Let l = -278 + 546. Suppose -23*o = -27*o + l. Is o a prime number?
True
Let q(s) = 500*s**2 - 2*s + 47. Let h be q(5). Let b = h + -8744. Is b a prime number?
True
Let k(z) = z**3 - 18*z**2 + 4*z + 21. Is k(20) prime?
False
Let i = -305 - -554. Is i prime?
False
Let i(m) = -3*m + 1. Let u be i(4). Let n = u - -16. Is 167/(n - 1 - 3) a composite number?
False
Suppose 0 = -3*k - l + 245, -3*k + 3*l + 237 = -0*k. Is -9*(-9)/(k/6) composite?
True
Suppose -4*y = -2*y - 4. Let u(n) = 0*n + 7*n - 3 - 3*n**3 + y + 4*n**3 + 10*n**2. Is u(-5) prime?
True
Let t(c) = 91*c**2 + 86*c + 475. Is t(-6) composite?
True
Let x = 58140 + -13691. Is x a prime number?
True
Let c(h) = -h**3 - 11*h**2 + 6*h - 11. Let p be c(-11). Let f = p - -141. Suppose 4*a - f - 204 = 0. Is a a composite number?
False
Suppose -553 = -11*c + 349. Is c a composite number?
True
Suppose 4*o = -5*i - 3324, -4*o + 545 - 3893 = -i. Let c = -367 - o. Is c a prime number?
False
Let i(y) = -15*y - 6. Let f be i(4). Let o = f + 565. Is o composite?
False
Suppose -1026 = -2*m + 834. Suppose -7*i = -13*i + m. Is i composite?
True
Let a = 31207 + -21870. Is a a composite number?
False
Let n(t) = -657*t**3 + t**2 + 3*t + 2. Let i be n(2). Let r = -2617 - i. Is r a prime number?
False
Suppose 411 = g + 93. Suppose 3*n = 4*p - 581, 4*n = -p - p + g. Is p a composite number?
False
Let d be 0/(-2)*3/6. Suppose -n + 4*q = -142, -4*n + 4*q + 0*q + 508 = d. Let u = n + 89. Is u composite?
False
Suppose 0 = -3*j - 12, 19*z - 24*z - 2*j = -3167. Is z a prime number?
False
Suppose 23*a = 22*a - 390. Let j = -116 - a. Is j a prime number?
False
Suppose 0*b - 4*b + 14764 = 0. Is b prime?
True
Let j(y) = y**3 + 17*y**2 + 7*y + 22. Let f be (52/(-6))/(9/(-27)). Let h = 11 - f. Is j(h) composite?
False
Let z(x) = -x**3 - 5*x**2 - 4*x - 3. Let t be z(-2). Let q(v) be the second derivative of v**4/6 + 7*v**3/6 + 2*v**2 + 4*v. Is q(t) composite?
False
Let z(v) = 3*v**3 - 3*v**2 - 14*v - 21. Let n(j) = j**3 - j**2 - 7*j - 10. Let k(y) = 9*n(y) - 4*z(y). Is k(-5) a prime number?
True
Let i(z) be the third derivative of 127*z**7/720 + z**5/20 + 4*z**2. Let y(d) be the third derivative of i(d). Is y(1) composite?
True
Let a(o) = 14*o + 9. Let p be a(-7). Let z = p + 64. Let b = z + 56. Is b a prime number?
True
Let h(t) = -2*t - 3*t**3 + 0*t + 5*t**3 + 15*t**2 + 9 - t**3. Is h(-13) a prime number?
True
Let y(r) = 27*r**2 + 0*r - 9*r - 5*r**2 - 2. Is y(-7) a prime number?
False
Let b(h) = -6*h**2 - 3*h**3 + 2*h**3 - 19 - 9*h**2 - 22*h + 0. Let f(k) = k**3 - 7*k**2 + 8*k - 4. Let t be f(5). Is b(t) prime?
False
Suppose -2*s + 10 = 4*x, 0 = -0*s + s - 1. Let p be x/(-6)*(-2 - -2). Suppose p = -3*l - 2*l - 5, 2*l - 1194 = -4*o. Is o a composite number?
True
Let a be (-151)/((15/9)/(-5)). Suppose 0*x + a = x. Let r = x + -322. Is r prime?
True
Let a(o) = o - o - 21*o**2 + 62*o**2. Let j be a(-1). Let y = j - 6. Is y composite?
True
Let n(d) = 2*d**3 + 11*d**2 + 5*d + 8. Let j be n(-7). Let x = j - -375. Is x a composite number?
True
Suppose -2*y + 3 = -5. Suppose -y*i + 1087 = -t, -5*t - 13 - 2 = 0. Is i prime?
True
Let p(a) be the third derivative of a**4/24 + 3*a**3/2 - 6*a**2. Let v be p(9). Suppose 0 = 17*t - v*t + 77. Is t composite?
True
Let j = 10439 + -5248. Is j composite?
True
Let n(s) = 445*s - 50. Let g be n(7). Let i = g + 1518. Is i a prime number?
True
Suppose 325 = m - 4*g, -5*g - 4 = -6*g. Is m composite?
True
Let c = 14 - 10. Let y be (-2)/(-3) - (-10)/(-6). Is 44 - (c/2 + y) composite?
False
Let t(v) = 156*v + 17. Is t(3) prime?
False
Suppose 8*n + 10505 = 5*l + 5*n, -3*n = -3*l + 6303. Is l composite?
True
Suppose 16 = 4*y + 4. Suppose -11*t + y*t + 5384 = 0. Is t composite?
False
Let r = -1619 - -6534. Is r a composite number?
True
Let i(k) = 3309*k**2 - 12*k + 5. Is i(2) composite?
False
Suppose -15 = x + 5*n, 2*x = -2*x - 5*n. Suppose 0*g = -x*g + 155. Is g a composite number?
False
Suppose -2*c - 4*j - 562 + 5828 = 0, -2*c + 5266 = -4*j. Is c a composite number?
False
Is ((-30482)/6 - -1)*255/(-170) a prime number?
False
Let i = 540 + -237. Is i a prime number?
False
Suppose -2*l - 20 = -28. Suppose 6 + 3 = -3*m, -l*i - 4*m + 2552 = 0. Is i prime?
True
Suppose 13938 = -9*x + 63501. Is x a composite number?
False
Let q be 1*2 - (-272)/(-2)*-1. Suppose -2*y = 32 - q. Is y a composite number?
False
Let o be -3 - (-7 + (4 - 2)). Suppose 5*i - o*b = 226, 2*i + b = -b + 82. Suppose -2*n + x + 99 = 0, -4*x + i = 2*n - 50. Is n prime?
False
Let p(v) = -v**3 + 6*v**2 - v + 6. Let a be p(5). Suppose -10 = -2*w - a. Is w + 5 + 422*1 composite?
False
Is 0/(-1) + -2 + 91*81 composite?
False
Let v be -279 - 4 - (-2)/(-1). Let z = -475 - v. Is z/57*9/(-2) composite?
True
Let q = 6 - -11. Suppose 0 = k + q*k - 3582. Is k prime?
True
Let r(w) = -4*w**3 + 6*w - 20*w**2 + 44 + 5*w**3 - 33. Is r(20) composite?
False
Suppose -3*j - 32*a + 473399 = -28*a, -4*j - a = -631203. Is j a prime number?
False
Let r(l) be the third derivative of 0*l + 1/60*l**5 + 0*l**4 + 1/3*l**3 - 1/60*l**6 + 2*l**2 + 0. Is r(-3) a prime number?
False
Let f(p) = 2*p**3 + 2*p + 22 + 6*p**2 - 9*p**3 + 10*p**3. Is f(5) a composite number?
False
Let r(z) = 8*z**2 + 37*z + 21. Let y be r(-18). Suppose -4*k - y